2, 7
Let y(v) = 2*v**2 + 70*v - 29. Let m be y(16). Let q = m - 499. What are the prime factors of q?
2, 3, 23
Let a = 4951 + -2334. What are the prime factors of a?
2617
Let x be 6/(-39) - 576/(-26). Let s = x - 22. Suppose -9*t + 8 = -5*t, -2*n - 2*t + 34 = s. What are the prime factors of n?
3, 5
Suppose -17*r - 414092 = -45*r. What are the prime factors of r?
23, 643
Suppose 5*x = 2*w + 20, -8*x = -5*x - 5*w - 31. Let i be (92 - 0/x)*-1. Let g = 28 - i. List the prime factors of g.
2, 3, 5
Suppose 3*h = -68 + 74. Let z be 28/(-98) - 23/(-7). Suppose -z = -3*o, -4*f + 837 = h*o - 9. What are the prime factors of f?
211
Let x = -9136 - -22592. What are the prime factors of x?
2, 29
Suppose 0 = 13*q - 6*q - 70. Suppose 0 = -q*k + 3128 - 328. List the prime factors of k.
2, 5, 7
Suppose -3*r - 119 = -4*m + 3*m, 56 = -2*r - 4*m. Let z be (-4)/8*r*1. Suppose x = h + 99 - z, -x + 5*h = -96. List the prime factors of x.
2, 19
List the prime factors of (16517 - 9) + -7 + 14 + -17.
2, 73, 113
Suppose 4*i - j - 18 + 4 = 0, -4*j + 7 = 5*i. Let h be (2 - -1)*(i + -4). List the prime factors of 11 + 1 - h*8/24.
13
Suppose 99 - 104 = -5*r, 4*l - 4*r - 31028 = 0. List the prime factors of l.
2, 3, 431
Suppose -m = 5*z - 296135, -71*m + 59227 = z - 77*m. What are the prime factors of z?
7, 8461
Let p = 2774 - 338. Suppose -p = -0*q - 14*q. What are the prime factors of q?
2, 3, 29
Let z(p) = -p**3 + 3*p + 471. Let r be (0 + -2 + 2)*11/(-33). What are the prime factors of z(r)?
3, 157
List the prime factors of -12*23/(-460) - 41992/(-5).
37, 227
Let g(u) be the third derivative of -u**5/20 - 9*u**4/8 + 2*u**3/3 - 18*u**2. Let d be g(-11). List the prime factors of 1 - (1 - 3)/1 - d.
5, 13
Suppose 5*g = -3*l + 14370, -3*l - 42*g + 47*g + 14400 = 0. List the prime factors of l.
5, 7, 137
Let k be ((-5)/15)/(4/(-36)). Let h(y) = -y**2 + 8*y + 6. Let u be h(8). List the prime factors of 159/u + k/(-2).
5
Suppose -166110 = -3*z - 4*n, 221472 = 4*z - 122*n + 126*n. What are the prime factors of z?
2, 3, 9227
Suppose -282*o = 141*o - 958717 - 17629172. List the prime factors of o.
43943
Suppose 0 = -3*l + 10*l. Suppose k + 2 = o - 0*o, -5*k + 3*o - 16 = l. Let f(m) = 3*m**2 + 9. List the prime factors of f(k).
2, 3, 7
Let p(a) = a**3 + 11*a**2 + 3*a + 38. Let g be p(-11). Suppose 730 + 2001 = 3*t - 2*i, -5*t - g*i = -4585. What are the prime factors of t?
11, 83
Let i = 145 - 128. Suppose -19*j + i*j - 1054 = 0. Let w = -243 - j. List the prime factors of w.
2, 71
Let y(h) = -3*h**3 - 31*h**2 - 84*h + 43. List the prime factors of y(-21).
15919
Let r = -112 + 164. Suppose 3 = 3*a, -2*f + 5*f - 5*a = r. List the prime factors of f.
19
Let j = 22 + -19. Let d be (-5)/j + 1 - (-32)/(-6). What are the prime factors of (d/5 + 2)/(18/495)?
2, 11
Suppose 7606 = -2*z - 32200. What are the prime factors of (z/(-6))/13 - (-4)/(-24)?
3, 5, 17
Let w be 1*3*((-1820)/(-39))/7. Suppose -1100 - 4860 = -w*p. What are the prime factors of p?
2, 149
Suppose -81*c + 115522 = 134*c - 291473. What are the prime factors of c?
3, 631
Let m(p) = 318*p**2 - 33*p + 57. What are the prime factors of m(17)?
2, 3, 15233
Let a be ((-90)/63)/((-1)/7). Let u(p) = p**3 - 2*p**2 + p + 1. Let i be u(3). Let f = i + a. List the prime factors of f.
23
Let m(j) = -210*j + 37. Suppose 12 = -5*r - 8. List the prime factors of m(r).
877
Let g = 519 + -755. Let p = 316 + g. List the prime factors of p.
2, 5
Suppose 41*h + 6030 = 50*h. What are the prime factors of h?
2, 5, 67
Let v be -120*2 + 3 + (4 - 5). Let p = 526 + v. List the prime factors of p.
2, 3
Let t be (5 - 3) + -68 + 7. Let a = t + 60. Let b(i) = 118*i**3 + 2*i**2 - i - 1. List the prime factors of b(a).
2, 59
What are the prime factors of (-7)/(((-15)/1509)/5)?
7, 503
Suppose -3*s + 2*n = -17208, -s + 4*n + 8870 = 3134. What are the prime factors of s?
2, 3, 239
Suppose -251*j = -267*j + 119136. List the prime factors of j.
2, 3, 17, 73
Suppose -6 = -2*o - 5*r - 2, 4*o - 2*r - 8 = 0. Suppose 0 = c + 2*l - 4*l - 447, -5*l + 930 = o*c. List the prime factors of c.
5, 7, 13
Suppose -4*h = 5*o - 4*o - 21, -h + 2*o = 6. Suppose 0 = 4*a - 3*m - 2702, -2*m + 4020 = h*a + 1308. List the prime factors of a.
677
Suppose 3510*i + 711458 = 3532*i. List the prime factors of i.
73, 443
Let k = -7 + -11. Let v(x) = -x**3 - 19*x**2 - 4*x + 9. Let d be v(k). Let u = 442 + d. What are the prime factors of u?
199
Let a be ((-1)/2)/(20/(-760)). Let j(z) = 3*z - 40. List the prime factors of j(a).
17
Let j = 10 - -4. Suppose -2 = -3*k + 4*k, 3*x + 4*k = -j. List the prime factors of 155 + (x - -3) + 2.
2, 79
Suppose -1643*l = -1626*l - 50133. What are the prime factors of l?
3, 983
Let k be 20/(3 - -2) + 1. Suppose k*r - 7*r + 8 = 0. Suppose -2*s + 7*s - 1354 = -r*f, 0 = f - 1. List the prime factors of s.
2, 3, 5
Suppose 56225 = 8*p + 15457. Suppose -18*a + p = 10*a. List the prime factors of a.
2, 7, 13
What are the prime factors of (-162848)/(-8) + 268/32 + (-3)/8?
2, 3, 1697
Let w = 10562 + -7434. List the prime factors of w.
2, 17, 23
Let w be (-4720)/177*(-12 + 0/2). Let y = w + 29. What are the prime factors of y?
349
Suppose -106*a = -103*a - 51962 + 14807. What are the prime factors of a?
5, 2477
Suppose -3*g - 77 = 799. Let l = g + 712. Suppose -6*t - 6 = -l. What are the prime factors of t?
3, 23
Suppose 25758 = 14*r - 11580. List the prime factors of r.
3, 7, 127
Suppose m + 4*y + 0*y - 4987 = 0, 4*y - 14937 = -3*m. List the prime factors of m.
5, 199
Let c(n) = -33*n**2 + 3*n - 53 - 330*n**3 - 327*n**3 + 658*n**3. What are the prime factors of c(33)?
2, 23
Let k = -21 + 51. Let m be 162/8 + 2*14/(-112). Suppose m = 5*b - k. List the prime factors of b.
2, 5
Let r(o) = 5*o**3 - 2*o**2 + 7*o - 6. Let u be r(1). Suppose 3*c = -4*i + 4418, u*c - 5876 = -4*i + 6*i. What are the prime factors of c?
2, 3, 5, 7
Let x = -12 - -7. List the prime factors of ((7 - 4)/3)/(x/(-660)).
2, 3, 11
Let m(c) = 2*c + 45. Let h be m(7). Let y = h - 25. List the prime factors of y.
2, 17
Suppose 0 = -4*y + 5 + 19, 5*y - 25925 = -5*x. What are the prime factors of x?
5179
What are the prime factors of 397*2/(-6)*(-64 - 26/13)?
2, 11, 397
Let m(r) = 14*r**2 - 54*r + 168. Let n(d) = -5*d**2 + 16*d - 56. Let u(x) = -3*m(x) - 10*n(x). What are the prime factors of u(-14)?
2, 3, 7, 19
Let c(s) be the third derivative of s**5/30 - 7*s**4/6 + 13*s**3/6 + 3*s**2. Let i be c(14). Let n(t) = 12*t - 13. What are the prime factors of n(i)?
11, 13
Suppose 18058 - 6044 = -14*a + 93438. What are the prime factors of a?
2, 727
Suppose -x - 264 = v, -v + 6*v + 20 = 0. Let g = 225 - x. Suppose -5*k + 35 + 465 = -2*o, 5*k = -o + g. What are the prime factors of k?
2, 7
Suppose 3*j = -4*l - 697, -2*j - 578 + 112 = 3*l. Let b = 556 + j. List the prime factors of b.
7, 47
Suppose -6*p = -4*u - 7*p + 15, 5*u + 5*p = 0. Suppose 2*c + l - 1873 = -2*c, u*c - 3*l - 2337 = 0. List the prime factors of c.
2, 3, 13
Let z(d) = 8*d**3 - 4*d**2 + 4*d - 3. Let f(n) = -3*n**3 + n**2 + 3*n + 1. Suppose 0 + 5 = -5*h. Let b be f(h). What are the prime factors of z(b)?
53
Let v(b) = -10*b + 98. Let k(i) = -5*i + 49. Let z(f) = -9*k(f) + 4*v(f). Suppose 278 - 439 = -7*h. List the prime factors of z(h).
2, 3, 11
Suppose -48*t + 57*t = -27. Let d(j) = -35*j**3 + j**2 + 3*j + 20. What are the prime factors of d(t)?
5, 193
Let q = 3553 + -624. Suppose -i - 2901 = -3*r + 2*i, 4*i - q = -3*r. What are the prime factors of r?
971
Let h(y) be the first derivative of y**3/3 + 7*y**2 + 13*y - 6. Let d be h(-9). What are the prime factors of -1*1 - ((d - 1) + -3)?
5, 7
Suppose -48 = 4*j + h + 1, -3*h = 2*j + 27. Let i = j - -20. Suppose -5*x + 3*a = -4*x + 2, -x - i = -5*a. List the prime factors of x.
7
Suppose 0 = -3*t - 0*i + 3*i + 1959, -3*i = -4*t + 2611. Suppose -a + 2*n - 654 = -3*a, -t = -2*a - 4*n. List the prime factors of a.
2, 41
Suppose 15*b + 0 = 30. Suppose 1132 = 3*y + d, -2*d = 8 + b. List the prime factors of y.
379
Suppose -698*n = -738*n + 259200. What are the prime factors of n?
2, 3, 5
Suppose 86204 = 8*b - 58004. What are the prime factors of b?
2, 9013
Suppose -4*r + 2*d = -47456, 4*r - 624*d + 625*d = 47450. What are the prime factors of r?
11863
Suppose -p - 178 - 184 = -i, p = -2*i + 712. Let